hat is 1 + 46570a83?
46570a84
In base 14, what is -3455 - 4d?
-34a4
In base 8, what is -3 + 2053563?
2053560
In base 13, what is 14266c + 56?
1426c5
In base 7, what is -3104 + -15011?
-21115
In base 6, what is 1240455 + -2220?
1234235
In base 11, what is -3 - 28750719?
-28750721
In base 7, what is 46 - -2506103?
2506152
In base 7, what is -361321 + -132?
-361453
In base 15, what is 3ab95 + 17da?
3c480
In base 8, what is 1 + 107646114?
107646115
In base 9, what is -7352 - -1824?
-5427
In base 6, what is -320 + -220351?
-221111
In base 4, what is 210 + -322021100111?
-322021033301
In base 14, what is -5b4557 + 5?
-5b4552
In base 5, what is 2023 - 204233?
-202210
In base 5, what is 42 - 201010340?
-201010243
In base 10, what is -39 + -218239?
-218278
In base 11, what is 1102a0 + 17?
110307
In base 13, what is -5151b1 - -281?
-514c30
In base 11, what is -14 - 297921?
-297935
In base 14, what is -4 + a54a06?
a54a02
In base 12, what is -112a62 - -65?
-1129b9
In base 13, what is -769a92 - 5?
-769a97
In base 14, what is 24055 - c3?
23d72
In base 13, what is 2033a98 + 2?
2033a9a
In base 2, what is 101011111010011001110010101 + 1?
101011111010011001110010110
In base 11, what is 1a - 2a0187?
-2a0168
In base 12, what is -6b5 - -18868?
18173
In base 4, what is -12021 - -10210?
-1211
In base 15, what is 1d - 30620?
-30602
In base 15, what is -1b8d - -d68?
-d25
In base 7, what is 64 - -60644?
61041
In base 5, what is 42204331313 + 4?
42204331322
In base 5, what is 1 - 224130230313?
-224130230312
In base 7, what is -3 - -10523000?
10522664
In base 7, what is 3440300 - -13?
3440313
In base 13, what is 16 + -328bc19?
-328bc03
In base 10, what is 0 + 26892954?
26892954
In base 12, what is -3151217 + -25?
-3151240
In base 12, what is 5 + 37a2113?
37a2118
In base 6, what is -101413022 + -113?
-101413135
In base 5, what is 4413421 - -230402?
10144323
In base 11, what is -3805a7 + -107?
-380703
In base 6, what is 113242 + 51354?
205040
In base 11, what is -5 - 445844?
-445849
In base 7, what is -13622 - -535?
-13054
In base 13, what is -15aa1 - 6a?
-15b3b
In base 16, what is 24 + -d4b8?
-d494
In base 7, what is -206 + -22036500?
-22040006
In base 10, what is -4627859 - 18?
-4627877
In base 4, what is -203 + -200330003?
-200330212
In base 8, what is -7020777 - 24?
-7021023
In base 15, what is 1062 - -417?
1479
In base 15, what is 12 - -a78b9c?
a78bae
In base 9, what is -6854 - 1253?
-8217
In base 8, what is 16 - -207363205?
207363223
In base 12, what is b - -1394b13?
1394b22
In base 13, what is 1c + 4b5667?
4b5686
In base 14, what is -3 - 44aa9a?
-44aa9d
In base 14, what is -740a96 + 3?
-740a93
In base 11, what is 494118a2 + -2?
494118a0
In base 8, what is 222667 + 2152?
225041
In base 9, what is 1112075 + -17?
1112057
In base 2, what is 1100000 + -1000101001100101?
-1000101000000101
In base 16, what is -27d62 + -1a8?
-27f0a
In base 5, what is 10 - 1441424132?
-1441424122
In base 4, what is 3201 + 20033211?
20103012
In base 7, what is 1012 - -5150544?
5151556
In base 4, what is 112203220221 - -10?
112203220231
In base 3, what is -2002022212000 + 12?
-2002022211211
In base 15, what is 54a0448 - 2?
54a0446
In base 16, what is -65 - b25a?
-b2bf
In base 3, what is 2 - 11221212222222001?
-11221212222221222
In base 10, what is -4969070 + 57?
-4969013
In base 3, what is -1020101202112 + -10?
-1020101202122
In base 14, what is -25766 + 2c3b?
-22929
In base 15, what is 2 - 1e51c1?
-1e51be
In base 16, what is -1aa386 + -4?
-1aa38a
In base 7, what is -4424 + 121534?
114110
In base 14, what is 12374 + -192b?
10847
In base 6, what is -205 + 11000?
10351
In base 15, what is a2a1 + -137?
a169
In base 9, what is -14000014 + -88?
-14000113
In base 6, what is 22 - 340151031?
-340151005
In base 13, what is 6 - 21b27c?
-21b276
In base 10, what is -47600 - -1403?
-46197
In base 5, what is -3030412 + 3422?
-3021440
In base 10, what is 17 + -266990?
-266973
In base 10, what is 12 - 2070378?
-2070366
In base 15, what is 47 + 2892?
28d9
In base 13, what is -89b0 + -2147?
-ab27
In base 10, what is -49 - -41154?
41105
In base 14, what is b2bd - dc17?
-2938
In base 14, what is 3d09bb9 - 24?
3d09b95
In base 13, what is -3 + 4523574?
4523571
In base 3, what is 0 - 101210101020022?
-101210101020022
In base 8, what is -5646234 - -43?
-5646171
In base 7, what is -520352256 + -5?
-520352264
In base 9, what is -2163 - 86435?
-88608
In base 11, what is 36224687 + 1?
36224688
In base 3, what is -12200 - -2210010022?
2202220122
In base 15, what is 0 - -1237ce4?
1237ce4
In base 10, what is -71 + 234180?
234109
In base 13, what is 2327 - 7847?
-5520
In base 8, what is 14243605 - -5?
14243612
In base 13, what is -56 - -1a750?
1a6c7
In base 15, what is 1b + 343e?
345a
In base 14, what is -b2d3a + -7?
-b2d43
In base 6, what is 31243 - -15043?
50330
In base 10, what is 1044026 - 98?
1043928
In base 2, what is 1010 - -10001100010110000111?
10001100010110010001
In base 9, what is -4742 - -231487?
225645
In base 3, what is 11120120101100221 + 2?
11120120101101000
In base 6, what is -115 - -10331214?
10331055
In base 7, what is 3465006 - 10?
3464666
In base 13, what is -138a6c7 + -6?
-138a700
In base 4, what is -3302 + -3013123222?
-3013133130
In base 3, what is -202012 - -210010010010?
210002100221
In base 8, what is 52272313 - 4?
52272307
In base 13, what is 1 + 31171?
31172
In base 14, what is 12 + -1167a3a?
-1167a28
In base 6, what is 1102551413 + 4?
1102551421
In base 4, what is 2221032220 - -1?
2221032221
In base 9, what is 307 - 422122?
-421714
In base 2, what is -110110100 - 1010110000111001?
-1010110111101101
In base 8, what is -27427301 - 20?
-27427321
In base 14, what is -a882 - -2d4?
-a58c
In base 15, what is 15a2d415 - -1?
15a2d416
In base 12, what is -8 + -b46392?
-b4639a
In base 4, what is -13023 - 100001213?
-100020302
In base 15, what is 4 - 45e0ab1?
-45e0aac
In base 13, what is -70 - 90089?
-90129
In base 5, what is -23044 + 103203?
30104
In base 14, what is 38b + -5498?
-510b
In base 5, what is -3311 + -233243?
-242104
In base 15, what is 2 + 36d9b54?
36d9b56
In base 8, what is 53671215 - -5?
53671222
In base 13, what is 2569a7 - -4?
2569ab
In base 2, what is 11101100000011110001111010 - -10?
11101100000011110001111100
In base 10, what is 18 + 59795639?
59795657
In base 4, what is 211 - 2321113011?
-2321112200
In base 15, what is -b087c + 39?
-b0843
In base 10, what is 4 + -2649777?
-2649773
In base 5, what is -224303002402 + -11?
-224303002413
In base 2, what is 11111101000101111 + -111010110?
11111100001011001
In base 12, what is 117329 - 20?
117309
In base 6, what is -3 + 1205200255?
1205200252
In base 3, what is -10002122221011222 + 10?
-10002122221011212
In base 6, what is 22 - 1020300435?
-1020300413
In base 11, what is 4 - -835295a?
8352963
In base 9, what is 32662525 + -4?
32662521
In base 9, what is -6120 + -845?
-7065
In base 7, what is 335 + -21442?
-21104
In base 15, what is -2d6e92 - 5?
-2d6e97
In base 14, what is 147 + 92?
1d9
In base 15, what is -7 + 135c9d7?
135c9d0
In base 8, what is 1050 - 2060263?
-2057213
In base 2, what is -111000101011111111111010 - 1?
-111000101011111111111011
In base 4, what is -13021022 - -103?
-13020313
In base 12, what is -39 - -87403a9?
8740370
In base 5, what is 2010232144 + 2?
2010232201
In base 2, what is -101011111000100010 + 10?
-101011111000100000
In base 6, what is 142 + -431402?
-431220
In base 7, what is -221332512 + -5?
-221332520
In base 5, what is 21 + 2302321003?
2302321024
In base 15, what is -3 + -1dab936?
-1dab939
In base 14, what is -430279 - -1?
-430278
In base 7, what is 41462 + 152035?
223530
In base 9, what is -4728 + -3308?
-8137
In base 12, what is 3 - 33744?
-33741
In base 8, what is 0 + -141477641?
-141477641
In base 13, what is 16493ca - 4?
16493c6
In base 7, what is -4030 + -3646?
-11006
In base 5, what is -340101400 - -1?
-340101344
In base 11, what is -565879 + 20?
-565859
In base 7, what is -46651263 + 3?
-46651260
In base 10, what is 43 + -362802?
-362759
In base 14, what is 0 + -111133?
-111133
In base 11, what is -a237 - -5346?
-49a1
In base 6, what is 34 - -23415250?
23415324
In base 11, what is 225059 + -108?
224a51
In base 6, what is -1003050041 - 3?
-1003050044
In base 5, what is 11 + -11330034230?
-1133003421